{"id":132,"date":"2022-12-24T09:51:30","date_gmt":"2022-12-24T09:51:30","guid":{"rendered":"https:\/\/verbum.unibuc.ro\/?page_id=132"},"modified":"2022-12-24T09:51:30","modified_gmt":"2022-12-24T09:51:30","slug":"seria-a-iv-a-anul-i-2020","status":"publish","type":"page","link":"https:\/\/verbum.unibuc.ro\/?page_id=132","title":{"rendered":"Seria a IV-a Anul I (2020)"},"content":{"rendered":"<p><strong>Reflec\u021bii hermeneutice biblice pornind de la c\u00e2teva presupuse erori ale Vulgatei<\/strong><\/p>\n<p>Autor: Wilhelm Tauwinkl<\/p>\n<p>Pagini: 5-28<\/p>\n<p>Abstract:<\/p>\n<p>Some alleged errors of the Vulgate led sometimes to the supposition that St Jerome had limited knowledge of biblical Hebrew. We hereunder look at some notorious aberrant variants of the Vulgate, confronting them with the contemporary manner of translating the Bible. By analysing these renderings side-by-side with the original Hebrew text and different ancient translations, we can look at the supposed Latin mistranslations in a different light, in order to discover new particularities of the biblical text.<\/p>\n<p><a href=\"https:\/\/verbum.unibuc.ro\/wp-content\/uploads\/2021\/11\/01_Verbum-nr.-1-2020-Tauwinkl.pdf\">Full Text | PDF<\/a><\/p>\n<p>&nbsp;<\/p>\n<p><strong>Lep\u0103darea lui Petru sau despre tirania iubirii<\/strong><\/p>\n<p>Autor: Daniel Barbu<\/p>\n<p>Pagini: 29-61<\/p>\n<p>Abstract:<\/p>\n<p>A proper theological understanding of love (\u1f00\u03b3\u03ac\u03c0\u03b7) cannot avoid wrestling with the probably most famous conversation on love and certainty ever recorded, which actually closes the Gospels in John 21:15-19. The three questions about love addressed there to Peter by the risen Christ are usually pondered in the mirror of the three denials of Peter during Jesus\u2019 trial recalled by John 18. It is as if a triple affirmation of love had to make amends for the same number of previous rejections of friendship. Drawing on the work of such critical thinkers as Hannah Arendt, Jean-Luc Marion and Giorgio Agamben, the paper strives to shed some fresh light on the relationship between the two contrasting, but arguably inseparable biblical narratives. The analysis points to the idea that both love itself and the works of love cannot become objects of the human artifice. They are not and must not be part of the world that is subject to the sovereign power and indulges in politics. As a compelling form of sovereignty (\u03c4\u1fc6\u03c2 \u1f00\u03b3\u03ac\u03c0\u03b7\u03c2 \u1f21 \u03c4\u03c5\u03c1\u03b1\u03bd\u03bd\u03af\u03c2), according to John Chrysostom, love is a menace and an alternative to any sovereign power that be. The experience of love has to manifest itself within the world itself, but retains always its unworldly nature, as it negates the space the world offers for the recognition of the individual self and the political<br \/>\npractices of sovereignty.<\/p>\n<p><a href=\"https:\/\/verbum.unibuc.ro\/wp-content\/uploads\/2021\/11\/02_Verbum-1-2020-Barbu.pdf\">Full Text | PDF<\/a><\/p>\n<p>&nbsp;<\/p>\n<p><strong>La speranza in Etty Hillesum. Il senso della vita in un mondo confiscato dalla dittatura del politico<\/strong><\/p>\n<p>Autor: Alberto Castaldini<\/p>\n<p>Pagini: 63-75<\/p>\n<p>Abstract:<\/p>\n<p>The Dutch writer of Jewish origin Etty Hillesum has left to posterity a great moral legacy from the darkest years of the twentieth century. We can consider this young woman, died at the age of 29 in the concentration camp of Auschwitz, as one of the courageous ethical militants who opposed themselves to the destruction of humanity planned by the totalitarianism. Against those who denied the anthropological and spiritual foundations of the human being, Etty responded with hope, compassion and confidence in the human capacity for redemption, helping others in the inner presence of God.<\/p>\n<p><a href=\"https:\/\/verbum.unibuc.ro\/wp-content\/uploads\/2021\/11\/03_Verbum-1-2020-Castaldini.pdf\">Full Text | PDF<\/a><\/p>\n<p>&nbsp;<\/p>\n<p><strong>O deconstruc\u021bie a responsabilit\u0103\u021bii<\/strong><\/p>\n<p>Autor: Gabriela Blebea Nicolae<\/p>\n<p>Pagini: 77-103<\/p>\n<p>Abstract:<\/p>\n<p>The substantive responsibility implies the formal responsibility as a condition of its manifestation. But, when the formal responsibility is only a bureaucratic one and it is extremely fragmented, it blocks the substantive responsibility. This is the case of the protection system of social orphans in Romania. Here many children spend their whole life until they leave, due to the age appointed by law, the hosting social institution. By its employees, the state pretends to play the role of a social parent, but in fact it is only involved.<\/p>\n<p><a href=\"https:\/\/verbum.unibuc.ro\/wp-content\/uploads\/2021\/11\/04_Verbum-1-2020-Blebea.pdf\">Full Text | PDF<\/a><\/p>\n<p>&nbsp;<\/p>\n<p><strong>Pierre Boutang h\u00e9ritier de Gabriel Marcel? Essai sur la parent\u00e9 entre Gabriel Marcel et Pierre Boutang<\/strong><\/p>\n<p>Autor: Paul Mercier<\/p>\n<p>Pagini: 105-123<\/p>\n<p>Abstract:<\/p>\n<p>This article intends to interrogate the link between Gabriel Marcel and Pierre Boutang. We wrongly held that Boutang is the heir of the very controversial Charles Maurras, while the author of the book Ontologie du secret has inherited a philosophy line called \u201cThinking of Christian Existence\u201d, of which Gabriel Marcel is inexorably a member. Thus, it is worth asking if Pierre Boutang would not be in fact the heir of Gabriel Marcel; after that we find a common point regarding the critic of nihilism which conduces us to the attitude of a watcher, we show that less than a relationship between pupil and master, there is a real dialogue between the two philosophers that we have to keep, to continue, so that to bring the reader on intersubjectivity path.<\/p>\n<p><a href=\"https:\/\/verbum.unibuc.ro\/wp-content\/uploads\/2021\/11\/05_Verbum-1-2020-Mercier.pdf\">Full Text | PDF<\/a><\/p>\n<p>&nbsp;<\/p>\n<p><strong>Data Pa\u0219tilor. Concluzii la un dialog \u00eentre credin\u021b\u0103 \u0219i ra\u021biune<\/strong><\/p>\n<p>Autor: Ion Macri<\/p>\n<p>Pagini: 125-143<\/p>\n<p>Abstract:<\/p>\n<p>The Time of Easter\u2014Conclusions to a Dialogue between Faith and Reason. This paper is an echo of the Romanian programme \u201cScience and Religion\u201d that was conceived as an attempt towards unity. Knowledge of astronomy, history and theology allows scientists and theologians alike to rigorously establish the date for the Easter celebrations. Hence the idea that, at the beginning of the 3rd millennium of the Christian era, the acceptance of these dates for Easter would constitute a first step towards the fulfilment of the mutual desiderate for Christian unity. This paper endeavours to explain that Easter depends on both time and place. There is a time for Easter specific to every place on Earth\u2014in the northern hemisphere as well as in the southern hemisphere. Spring is the time of Easter, a beginning, a spiritual renewal.<\/p>\n<p><a href=\"https:\/\/verbum.unibuc.ro\/wp-content\/uploads\/2021\/11\/06_Verbum-1-2020-Macri.pdf\">Full Text | PDF<\/a><\/p>\n<p>&nbsp;<\/p>\n<p><strong>Ap\u0103rarea drepturilor omului la Jacques Maritain \u0219i\u00a0<em>Umanismul integral.\u00a0<\/em>O viziune personalist\u0103 asupra credin\u021bei \u0219i politicii pentru vremurile noastre<\/strong><\/p>\n<p>Autor: Michael D. Torre<\/p>\n<p>Pagini: 145-173<\/p>\n<p>Abstract:<\/p>\n<p>The paper points on Maritain\u2019s conception on human rights in order to offer a better knowledge of a personality, whose thought still has a non-diminished vitality. His thought, in opposition with the most individualist conception of the human rights and close to the Declaration on Religious Liberty (<em>Dignitatis Humanae<\/em>) of Vatican II, had a main contribution in our common commitment to human rights.<\/p>\n<p><a href=\"https:\/\/verbum.unibuc.ro\/wp-content\/uploads\/2021\/11\/07_Verbum-1-2020-Torre.pdf\">Full Text | PDF<\/a><\/p>\n<p>&nbsp;<\/p>\n<p><strong>J. Maritain, le trasformazioni nell\u2019idea di diritti umani e i \u00abnuovi diritti\u00bb. Riflessioni 70 anni dopo<\/strong><\/p>\n<p>Autor: Vittorio Possenti<\/p>\n<p>Pagini: 175-192<\/p>\n<p>Abstract:<\/p>\n<p>Drawing on the speech given on November 6, 1947 in Mexico City by Jacques Maritain, the paper explores the conceptual transformations of the notion of human rights since the Universal Declaration of 1948. The core question is to what extent the secular belief in democracy is still a valid foundation for the legal multiplication of human rights. The principles stated by Maritain, alongside his method of practical thinking, may inspire a post-liberal and post-libertarian vision of human rights.<\/p>\n<p><a href=\"https:\/\/verbum.unibuc.ro\/wp-content\/uploads\/2021\/11\/08_Verbum-1-2020-Possenti.pdf\">Full Text | PDF<\/a><\/p>\n<p>&nbsp;<\/p>\n<p><strong>Un plaidoyer pour l\u2019\u00e9galit\u00e9 des hommes au XIIIe si\u00e8cle?<\/strong><\/p>\n<p>Autor: Mihaela Voicu<\/p>\n<p>Pagini: 193-205<\/p>\n<p>Abstract:<\/p>\n<p>At a first glance, the discourse on \u201ctrue nobility\u201d in the continuation of the\u00a0<em>Roman de la Rose<\/em>\u00a0by Jean de Meun seems revolutionary: hereditary aristocracy is questioned\u2014although it meant a reality that had been accepted by the Medieval society for at least three centuries\u2014while proposing instead the \u201cnobility of the heart\u201d, of one\u2019s deeds and merits. Could Jean de Meun be a predecessor of the Enlightenment? However, at a more attentive analysis, we notice that for the scholar Jean de Meun, culture (<em>clergie<\/em>) is the premise of merit and the scholars (les clercs) are more justified to be called nobles and honest as such. Therefore, it is a<em>\u00a0pro domo<\/em>\u00a0appeal. The author\u2019s main strong point is that of highlighting the limits of the three functional system specific for the society of the old regime.<\/p>\n<p><a href=\"https:\/\/verbum.unibuc.ro\/wp-content\/uploads\/2021\/11\/09_Verbum-1-2020-Voicu.pdf\">Full Text | PDF<\/a><\/p>\n<p>&nbsp;<\/p>\n<p><strong>Reason and Faith in Today\u2019s Searching for the Common Good<\/strong><\/p>\n<p>Autor: Wilhelm Danc\u0103<\/p>\n<p>Pagini: 207-230<\/p>\n<p>Abstract:<\/p>\n<p>The paper starts with analyzing the crisis which affects the common good in today\u2019s Romania. I fructified my Romanian experience of that \u201ccommon good\u201d which used to be imposed during communist times. Then, briefly I described the causes of this crisis and I formulated a definition of the common good by resorting to reason and faith. Thus, the common good is the reason for which a society has been constituted. According to the Christian faith the common good reaches its fullness in the eternal life. I advocated the cause of education in the light of an integral common good, insisting upon the necessity of verifying the social force and actuality of certain principles such as freedom, truth, solidarity, justice, peace. Today\u2019s social and cultural context is less favorable to this type of education. It enlists several impediments, such as the religion of the ego, the generational selfishness, the educational urgency. The paper seeks to answer certain challenges: man\u2019s need for mystery, active and participative citizenship, the secularization of social life. In conclusion, I searched for new ways to actively participate in promoting the common good.<\/p>\n<p><a href=\"https:\/\/verbum.unibuc.ro\/wp-content\/uploads\/2021\/11\/10_Verbum-1-2020-Danca.pdf\">Full Text | PDF<\/a><\/p>\n<p>&nbsp;<\/p>\n<p><strong>Nout\u0103\u021bi editoriale<\/strong><\/p>\n<p>Recenzii de: Mihaela Voicu<\/p>\n<p>Pagini: 231-237<\/p>\n<p><a href=\"https:\/\/verbum.unibuc.ro\/wp-content\/uploads\/2021\/11\/11_Verbum-1-2020-Noutati_editoriale.pdf\">Full Text | PDF<\/a><\/p>\n<p>&nbsp;<\/p>\n<p><strong>Cronic\u0103<\/strong><\/p>\n<p>Autor: Iulia Cojocariu<\/p>\n<p>Pagini: 239-241<\/p>\n<p><a href=\"https:\/\/verbum.unibuc.ro\/wp-content\/uploads\/2021\/11\/12_Verbum-1-2020-Cronica.pdf\">Full Text | PDF<\/a><\/p>\n<p>&nbsp;<\/p>\n<p><strong>Events<\/strong><\/p>\n<p>Autor: Iulia Cojocariu<\/p>\n<p>Pagini: 243-245<\/p>\n<p><a href=\"https:\/\/verbum.unibuc.ro\/wp-content\/uploads\/2021\/11\/13_Verbum-1-2020-Events.pdf\">Full Text | PDF<\/a><\/p>\n","protected":false},"excerpt":{"rendered":"<p>Reflec\u021bii hermeneutice biblice pornind de la c\u00e2teva presupuse erori ale Vulgatei Autor: Wilhelm Tauwinkl Pagini:&#8230;<\/p>\n","protected":false},"author":2,"featured_media":0,"parent":0,"menu_order":0,"comment_status":"closed","ping_status":"closed","template":"","meta":{"footnotes":""},"class_list":["post-132","page","type-page","status-publish","hentry"],"_links":{"self":[{"href":"https:\/\/verbum.unibuc.ro\/index.php?rest_route=\/wp\/v2\/pages\/132","targetHints":{"allow":["GET"]}}],"collection":[{"href":"https:\/\/verbum.unibuc.ro\/index.php?rest_route=\/wp\/v2\/pages"}],"about":[{"href":"https:\/\/verbum.unibuc.ro\/index.php?rest_route=\/wp\/v2\/types\/page"}],"author":[{"embeddable":true,"href":"https:\/\/verbum.unibuc.ro\/index.php?rest_route=\/wp\/v2\/users\/2"}],"replies":[{"embeddable":true,"href":"https:\/\/verbum.unibuc.ro\/index.php?rest_route=%2Fwp%2Fv2%2Fcomments&post=132"}],"version-history":[{"count":1,"href":"https:\/\/verbum.unibuc.ro\/index.php?rest_route=\/wp\/v2\/pages\/132\/revisions"}],"predecessor-version":[{"id":133,"href":"https:\/\/verbum.unibuc.ro\/index.php?rest_route=\/wp\/v2\/pages\/132\/revisions\/133"}],"wp:attachment":[{"href":"https:\/\/verbum.unibuc.ro\/index.php?rest_route=%2Fwp%2Fv2%2Fmedia&parent=132"}],"curies":[{"name":"wp","href":"https:\/\/api.w.org\/{rel}","templated":true}]}}

<p><strong>Reflecții hermeneutice biblice pornind de la câteva presupuse erori ale Vulgatei</strong></p>
<p>Autor: Wilhelm Tauwinkl</p>
<p>Pagini: 5-28</p>
<p>Abstract:</p>
<p>Some alleged errors of the Vulgate led sometimes to the supposition that St Jerome had limited knowledge of biblical Hebrew. We hereunder look at some notorious aberrant variants of the Vulgate, confronting them with the contemporary manner of translating the Bible. By analysing these renderings side-by-side with the original Hebrew text and different ancient translations, we can look at the supposed Latin mistranslations in a different light, in order to discover new particularities of the biblical text.</p>
<p><a href="https://verbum.unibuc.ro/wp-content/uploads/2021/11/01_Verbum-nr.-1-2020-Tauwinkl.pdf">Full Text | PDF</a></p>
<p>&nbsp;</p>
<p><strong>Lepădarea lui Petru sau despre tirania iubirii</strong></p>
<p>Autor: Daniel Barbu</p>
<p>Pagini: 29-61</p>
<p>Abstract:</p>
<p>A proper theological understanding of love (ἀγάπη) cannot avoid wrestling with the probably most famous conversation on love and certainty ever recorded, which actually closes the Gospels in John 21:15-19. The three questions about love addressed there to Peter by the risen Christ are usually pondered in the mirror of the three denials of Peter during Jesus’ trial recalled by John 18. It is as if a triple affirmation of love had to make amends for the same number of previous rejections of friendship. Drawing on the work of such critical thinkers as Hannah Arendt, Jean-Luc Marion and Giorgio Agamben, the paper strives to shed some fresh light on the relationship between the two contrasting, but arguably inseparable biblical narratives. The analysis points to the idea that both love itself and the works of love cannot become objects of the human artifice. They are not and must not be part of the world that is subject to the sovereign power and indulges in politics. As a compelling form of sovereignty (τῆς ἀγάπης ἡ τυραννίς), according to John Chrysostom, love is a menace and an alternative to any sovereign power that be. The experience of love has to manifest itself within the world itself, but retains always its unworldly nature, as it negates the space the world offers for the recognition of the individual self and the political<br />
practices of sovereignty.</p>
<p><a href="https://verbum.unibuc.ro/wp-content/uploads/2021/11/02_Verbum-1-2020-Barbu.pdf">Full Text | PDF</a></p>
<p>&nbsp;</p>
<p><strong>La speranza in Etty Hillesum. Il senso della vita in un mondo confiscato dalla dittatura del politico</strong></p>
<p>Autor: Alberto Castaldini</p>
<p>Pagini: 63-75</p>
<p>Abstract:</p>
<p>The Dutch writer of Jewish origin Etty Hillesum has left to posterity a great moral legacy from the darkest years of the twentieth century. We can consider this young woman, died at the age of 29 in the concentration camp of Auschwitz, as one of the courageous ethical militants who opposed themselves to the destruction of humanity planned by the totalitarianism. Against those who denied the anthropological and spiritual foundations of the human being, Etty responded with hope, compassion and confidence in the human capacity for redemption, helping others in the inner presence of God.</p>
<p><a href="https://verbum.unibuc.ro/wp-content/uploads/2021/11/03_Verbum-1-2020-Castaldini.pdf">Full Text | PDF</a></p>
<p>&nbsp;</p>
<p><strong>O deconstrucție a responsabilității</strong></p>
<p>Autor: Gabriela Blebea Nicolae</p>
<p>Pagini: 77-103</p>
<p>Abstract:</p>
<p>The substantive responsibility implies the formal responsibility as a condition of its manifestation. But, when the formal responsibility is only a bureaucratic one and it is extremely fragmented, it blocks the substantive responsibility. This is the case of the protection system of social orphans in Romania. Here many children spend their whole life until they leave, due to the age appointed by law, the hosting social institution. By its employees, the state pretends to play the role of a social parent, but in fact it is only involved.</p>
<p><a href="https://verbum.unibuc.ro/wp-content/uploads/2021/11/04_Verbum-1-2020-Blebea.pdf">Full Text | PDF</a></p>
<p>&nbsp;</p>
<p><strong>Pierre Boutang héritier de Gabriel Marcel? Essai sur la parenté entre Gabriel Marcel et Pierre Boutang</strong></p>
<p>Autor: Paul Mercier</p>
<p>Pagini: 105-123</p>
<p>Abstract:</p>
<p>This article intends to interrogate the link between Gabriel Marcel and Pierre Boutang. We wrongly held that Boutang is the heir of the very controversial Charles Maurras, while the author of the book Ontologie du secret has inherited a philosophy line called “Thinking of Christian Existence”, of which Gabriel Marcel is inexorably a member. Thus, it is worth asking if Pierre Boutang would not be in fact the heir of Gabriel Marcel; after that we find a common point regarding the critic of nihilism which conduces us to the attitude of a watcher, we show that less than a relationship between pupil and master, there is a real dialogue between the two philosophers that we have to keep, to continue, so that to bring the reader on intersubjectivity path.</p>
<p><a href="https://verbum.unibuc.ro/wp-content/uploads/2021/11/05_Verbum-1-2020-Mercier.pdf">Full Text | PDF</a></p>
<p>&nbsp;</p>
<p><strong>Data Paștilor. Concluzii la un dialog între credință și rațiune</strong></p>
<p>Autor: Ion Macri</p>
<p>Pagini: 125-143</p>
<p>Abstract:</p>
<p>The Time of Easter—Conclusions to a Dialogue between Faith and Reason. This paper is an echo of the Romanian programme “Science and Religion” that was conceived as an attempt towards unity. Knowledge of astronomy, history and theology allows scientists and theologians alike to rigorously establish the date for the Easter celebrations. Hence the idea that, at the beginning of the 3rd millennium of the Christian era, the acceptance of these dates for Easter would constitute a first step towards the fulfilment of the mutual desiderate for Christian unity. This paper endeavours to explain that Easter depends on both time and place. There is a time for Easter specific to every place on Earth—in the northern hemisphere as well as in the southern hemisphere. Spring is the time of Easter, a beginning, a spiritual renewal.</p>
<p><a href="https://verbum.unibuc.ro/wp-content/uploads/2021/11/06_Verbum-1-2020-Macri.pdf">Full Text | PDF</a></p>
<p>&nbsp;</p>
<p><strong>Apărarea drepturilor omului la Jacques Maritain și <em>Umanismul integral. </em>O viziune personalistă asupra credinței și politicii pentru vremurile noastre</strong></p>
<p>Autor: Michael D. Torre</p>
<p>Pagini: 145-173</p>
<p>Abstract:</p>
<p>The paper points on Maritain’s conception on human rights in order to offer a better knowledge of a personality, whose thought still has a non-diminished vitality. His thought, in opposition with the most individualist conception of the human rights and close to the Declaration on Religious Liberty (<em>Dignitatis Humanae</em>) of Vatican II, had a main contribution in our common commitment to human rights.</p>
<p><a href="https://verbum.unibuc.ro/wp-content/uploads/2021/11/07_Verbum-1-2020-Torre.pdf">Full Text | PDF</a></p>
<p>&nbsp;</p>
<p><strong>J. Maritain, le trasformazioni nell’idea di diritti umani e i «nuovi diritti». Riflessioni 70 anni dopo</strong></p>
<p>Autor: Vittorio Possenti</p>
<p>Pagini: 175-192</p>
<p>Abstract:</p>
<p>Drawing on the speech given on November 6, 1947 in Mexico City by Jacques Maritain, the paper explores the conceptual transformations of the notion of human rights since the Universal Declaration of 1948. The core question is to what extent the secular belief in democracy is still a valid foundation for the legal multiplication of human rights. The principles stated by Maritain, alongside his method of practical thinking, may inspire a post-liberal and post-libertarian vision of human rights.</p>
<p><a href="https://verbum.unibuc.ro/wp-content/uploads/2021/11/08_Verbum-1-2020-Possenti.pdf">Full Text | PDF</a></p>
<p>&nbsp;</p>
<p><strong>Un plaidoyer pour l’égalité des hommes au XIIIe siècle?</strong></p>
<p>Autor: Mihaela Voicu</p>
<p>Pagini: 193-205</p>
<p>Abstract:</p>
<p>At a first glance, the discourse on “true nobility” in the continuation of the <em>Roman de la Rose</em> by Jean de Meun seems revolutionary: hereditary aristocracy is questioned—although it meant a reality that had been accepted by the Medieval society for at least three centuries—while proposing instead the “nobility of the heart”, of one’s deeds and merits. Could Jean de Meun be a predecessor of the Enlightenment? However, at a more attentive analysis, we notice that for the scholar Jean de Meun, culture (<em>clergie</em>) is the premise of merit and the scholars (les clercs) are more justified to be called nobles and honest as such. Therefore, it is a<em> pro domo</em> appeal. The author’s main strong point is that of highlighting the limits of the three functional system specific for the society of the old regime.</p>
<p><a href="https://verbum.unibuc.ro/wp-content/uploads/2021/11/09_Verbum-1-2020-Voicu.pdf">Full Text | PDF</a></p>
<p>&nbsp;</p>
<p><strong>Reason and Faith in Today’s Searching for the Common Good</strong></p>
<p>Autor: Wilhelm Dancă</p>
<p>Pagini: 207-230</p>
<p>Abstract:</p>
<p>The paper starts with analyzing the crisis which affects the common good in today’s Romania. I fructified my Romanian experience of that “common good” which used to be imposed during communist times. Then, briefly I described the causes of this crisis and I formulated a definition of the common good by resorting to reason and faith. Thus, the common good is the reason for which a society has been constituted. According to the Christian faith the common good reaches its fullness in the eternal life. I advocated the cause of education in the light of an integral common good, insisting upon the necessity of verifying the social force and actuality of certain principles such as freedom, truth, solidarity, justice, peace. Today’s social and cultural context is less favorable to this type of education. It enlists several impediments, such as the religion of the ego, the generational selfishness, the educational urgency. The paper seeks to answer certain challenges: man’s need for mystery, active and participative citizenship, the secularization of social life. In conclusion, I searched for new ways to actively participate in promoting the common good.</p>
<p><a href="https://verbum.unibuc.ro/wp-content/uploads/2021/11/10_Verbum-1-2020-Danca.pdf">Full Text | PDF</a></p>
<p>&nbsp;</p>
<p><strong>Noutăți editoriale</strong></p>
<p>Recenzii de: Mihaela Voicu</p>
<p>Pagini: 231-237</p>
<p><a href="https://verbum.unibuc.ro/wp-content/uploads/2021/11/11_Verbum-1-2020-Noutati_editoriale.pdf">Full Text | PDF</a></p>
<p>&nbsp;</p>
<p><strong>Cronică</strong></p>
<p>Autor: Iulia Cojocariu</p>
<p>Pagini: 239-241</p>
<p><a href="https://verbum.unibuc.ro/wp-content/uploads/2021/11/12_Verbum-1-2020-Cronica.pdf">Full Text | PDF</a></p>
<p>&nbsp;</p>
<p><strong>Events</strong></p>
<p>Autor: Iulia Cojocariu</p>
<p>Pagini: 243-245</p>
<p><a href="https://verbum.unibuc.ro/wp-content/uploads/2021/11/13_Verbum-1-2020-Events.pdf">Full Text | PDF</a></p>

<p>Reflecții hermeneutice biblice pornind de la câteva presupuse erori ale Vulgatei Autor: Wilhelm Tauwinkl Pagini:&#8230;</p>
